- -23) + -31)).
-11
Evaluate 198 - 109 - 27 - -56.
118
What is -8 + (16 - 5 - 4 - -13 - -13)?
25
What is the value of -40 + 31 + -16 - (-21 + 30 + -20)?
-14
Evaluate 377 + -291 + -114 + 29.
1
380 + -380 - ((-30 - -23) + -3 + -3)
13
Evaluate -1 + -6 + 31 + -2 + -8.
14
What is the value of (13 - (19 + -20)) + -26 - 7?
-19
Calculate (3 - -8 - (28 + -4)) + -6.
-19
Calculate -36 + (8 - (-44 + 47)).
-31
What is 37 + -37 + 38 + -44?
-6
What is the value of 10 - (9 - (1 - 23 - -29))?
8
What is -33 + 7 - (-8 - ((-4 - 2) + 10))?
-14
What is (13 - 20) + (9 - 13) - -31?
20
Calculate (-1 - -6) + 20 + (-8 - -2) + 11 + -79.
-49
What is (15 - 21 - (-9 - 4)) + -10 + 0 + -55?
-58
What is 4 - -101 - (-1294 - -1372)?
27
What is the value of -3 + 1 + 1 + 11 + 121 + 163 + -346?
-52
What is the value of (705 - 690) + -3 + -1?
11
Calculate 16 + (-240 - (-27 - 115)).
-82
What is (-4 - -66) + -62 - (-1 - -11)?
-10
(205 - 214) + 0 + (0 - -6) + -3 + 67
61
Calculate (-2 - 27) + (176 + -343 - -138).
-58
Evaluate 28 + -4 + -59 + 25 + -2 + 12.
0
What is the value of -94 + (-2 - -35) + -2 + (0 - 1)?
-64
What is 37 + 159 - (-113 - -209)?
100
Evaluate -6 + 137 + -121 + (-1 - -14).
23
Evaluate -2 + 8 + 1 + (-8 - -3) + 3 + -9.
-4
What is 1 - 0 - (-2 + -3) - (-902 - -871)?
37
-41 - (16 - (45 + 39))
27
Evaluate -281 + -1 + 109 - -85.
-88
-3560 - -3534 - (0 - -26)
-52
2 + 1 - (-203 - -206 - (45 + -4))
41
Calculate (18 - (-4 + -10 + 24)) + (-2 - -26).
32
Evaluate 3 + (1 + (3 - (1 - -2)) - -17).
21
What is the value of -6 + (42 - (7 + 15) - 3) - (-54 + 2)?
63
What is the value of -1 - (91 + -30 + -32)?
-30
Calculate 4 + -4 + 10 + 107 + -83.
34
Calculate 0 + -122 - (-1775 + 1800 + -1 + 0 + -26).
-120
What is the value of -11 - ((2 - (6 + -22)) + -45 + -11)?
27
What is -42 + (-17 - -24) - (-4 + 0 - 2)?
-29
(6 + (52 - 60) - (0 + 0)) + 52
50
(-3 - 1 - 0) + (-597 - -622)
21
(15 - (18 - -23)) + 45
19
What is the value of (-137 - -134) + (-14 - (0 + -2 - 2))?
-13
Evaluate -141 + (-7 - -26) + -32 + 18.
-136
What is the value of 16 - ((22 - (9 - -5)) + -2) - 90?
-80
0 - 22 - (56 - (79 + -37))
-36
What is 10 + (-11 - -4 - (49 + -40) - 108)?
-114
Calculate -14 - (-25 + -2 + 18).
-5
Evaluate 19 + 15 + (7 + 16 - 3).
54
Calculate (53 - 51) + -15 + -13.
-26
What is -15 + (45 - (-54 + 148))?
-64
What is the value of (68 - 127) + 101 + 8?
50
6 + -41 + 22 - 32 - -3
-42
Evaluate -15 - (7 + 3 + -94).
69
145 - 51 - (-2 - -6)
90
Evaluate (16 + 1 - (112 + -37 + 19)) + 1 + 4.
-72
-6 - 5 - 0 - (4 + -21) - -1
7
What is (-203 - -223) + (1 - 7)?
14
What is (19 - 13) + 12 - 38?
-20
What is (-7 - -3 - -3 - (-87 + 1)) + (206 - 193)?
98
What is the value of -55 - -48 - (-3 - (2 + -3 - (-25 - -4)))?
16
What is the value of 0 + -66 + (-4 + (-3 - 18) - (22 + -35))?
-78
-1 + ((-55 - (32 - 12)) + -23 - 12)
-111
Calculate (-4 + -5 - -9) + 65 + -60 + -35 + -1.
-31
What is the value of -1 + -93 + -165 + (351 - 173)?
-81
What is the value of 3 + -1 - (32 + -36 + 19) - -5?
-8
Evaluate 24 + -12 + -8 - ((14 - 3) + 5).
-12
Evaluate 0 - 2 - (-76 - 11 - -38).
47
Calculate -7 - (14 + -4 + 4 - 21) - 51.
-51
Calculate -1 + -10 - (56 - (-1 + 59 - 59)).
-68
Calculate -44 + (-27 - -90) - 13.
6
What is the value of 63 + -29 - 58 - (69 - -7)?
-100
What is 13 - -15 - 4 - 17 - (-24 + 2) - 9?
20
11 + (-23 - 0) + (23 - 1)
10
-12 - (31 + (2 - -64) - (13 + 2))
-94
What is 96 + -43 + 42 + (-21 - (-8 + -5))?
87
What is the value of -47 - (-187 + 39) - (6 - 12)?
107
Evaluate 12 - (121 - 61 - 10).
-38
-25 - (-16 - 9) - (-85 - -37)
48
Calculate -12 + (-7 + (-15 - -14) - 19).
-39
What is -440 + 448 + -47 + 3?
-36
-16874 + 16906 + -8 + 0
24
(45 + -39 - (-4 - -15) - -11) + 5 + -101
-90
What is the value of 5 + (-208 - -150) + 1 + 13?
-39
What is the value of -39 + 48 - (-1 - (-2 - -12 - 2))?
18
What is -40 + (1 - -1) + (949 - 919)?
-8
Calculate -10 + 41 + (67 - 3 - 0).
95
Evaluate (-31 - -21 - -54) + -20.
24
What is the value of (-2 - (13 - (-4 + 20))) + 59 + -14?
46
Calculate 36 - 57 - -6 - (-29 - (5 - 8)).
11
Calculate (-52 - 46 - (1 - 20)) + 24.
-55
Calculate -19 - -15 - (14 - (-11 + 15 - -59)).
45
Calculate -80 + 65 + -125 + 137.
-3
What is 16 + 0 + 10 - (8 - (-7 - -7 - -7))?
25
Calculate -2 + 4 + (3 - 0) + (-16 + -37 - -36).
-12
What is (-33 - (-42 + 9 - -19) - -33) + 5?
19
-4 + 2 - (249 + -260 - (1 + -5))
5
Calculate (16 - 3) + -6 + (-2 - -1).
6
Evaluate 42 + -53 + 2 + 6 - (-4 + 56).
-55
What is the value of 1 + 52 - (-1 - 0) - (10177 - 10169)?
46
What is the value of (-24 + 8 + 136 - (3 - 2)) + 9?
128
Evaluate -37 - (-46 - (-32 + 10)).
-13
5 + -22 + 19 + (5 - -1) + (-518 - -439)
-71
13 + -59 + 53 + (-1 - -36)
42
What is -2 - -1 - ((61 - -7) + -43)?
-26
(-1 - 11) + -3917 + 3918
-11
Evaluate -575 + 597 + 3 + (-6 - -8 - 4).
23
-58 - -68 - (-12 - -61)
-39
90 + (82 - (36 - -245))
-109
Calculate (8 - (-6 + 83)) + 170 + -201.
-100
Calculate -16 + -18 + 2 + (222 - 217) + 2 + -88.
-113
What is the value of -1 - (2 - 15) - (470 - 463)?
5
What is the value of 10 + 41 - (1 - -2) - (-4006 - -4005)?
49
What is the value of -566 - -599 - (-8 - (6 + 87))?
134
Calculate 79 + (34 - 92) - 48.
-27
Calculate -125 + (524 - 534) + 14 + (0 - (2 - 1)).
-122
What is the value of 2 + 42 + 99 + -84 + -16 + (0 - 2)?
41
(0 - (6 + -7)) + (-3 - -68) + 110 + -103
73
What is 225 + -296 + (9 - 3) - -15?
-50
What is the value of (4 - 9) + -3 + 18 + 10?
20
What is the value of 4 + (2 - -21) + (-25 - -52)?
54
Calculate 96 + -15 + -56 - -48.
73
Calculate (2 - 58) + (763 - 687) - (-12 + -1 + 0).
33
Calculate -20 + 36 + (-1 - ((17 - 6) + -14)).
18
13 + (1 - 3) + 47 + -91 + 54
21
What is 108 - (3589 - 3590 - ((15 - -2) + 0))?
126
Evaluate 532 - 512 - (107 + 0) - -8.
-79
What is the value of 91 + (-14 - 115) - -14?
-24
What is -144 - (-41 + -23 - -23)?
-103
Calculate (-10 - (8 - 64)) + (29 - 23).
52
What is 7 - 3 - -3 - (-17 + 21)?
3
What is the value of -26 - (59 + (60 - 94))?
-51
0 - (-7 + -2) - (6118 - 6198)
89
Calculate (391 - 464) + (3 + 1 + (12 - 16) - 0).
-73
(-54 - -60) + -8 + 1 + 12 - (53 + -2)
-40
What is -2 + (-105 + -40 - -1) + 41?
-105
-27 + (2 - -37 - -9)
21
What is the value of 14 - (-22 + (19 - -7)) - (2 + -7)?
15
What is 16 + -41 + 21 - -44?
40
What is the value of 23 - (10 - (-24 + 49))?
38
(-27 - (-28 + -3 + 6)) + 4 + (2 - 2)
2
What is the value of -26 - ((-3 - (8 + (-20 - -4))) + -9 + 0)?
-22
Calculate -13 + (30 - (-1 - 17 - 14)).
49
Calculate 33 + 31 + -25 + -28 - 56.
-45
What is the value of 2 + -25 - 0 - (-3713 + 3652)?
38
Evaluate (-2 - -14) + -3 + (286 + -260 - (0 + 17)).
18
(28 - -23 - -43) + (7 - 26 - 1)
74
What is (21 - (0 + 25) - (2 + 2)) + 89?
81
Calculate (0 + -5 - -8) + 5 + 12 + -29.
-9
Evaluate 2 - ((19 - (5 - -7)) + -35).
30
What is the value of -2 + 1 + -3 + (-546 - -593 - (39 - -1))?
3
What is (-40 - (15 - 12)) + (106 - -32)?
95
What is the value of -5 + 6 - (-22 + -3 + -1 + 6 + -7)?
28
What is the value of 57 + (8 + 24 - 93)?
-4
Calculate 56 + 1 + 39 + -55.
41
88 - 97 - (4 + -14 + 4) - -20
17
Calculate -507 + 622 + (-60 - 4).
51
Calculate -592 - -599 - (0 + (9 - -2) + 1).
-5
Evaluate 1 - (130 - (-18 + 28)) - (18 - 3 - 0).
-134
What is -46 - -1 - ((7 - -18) + -7 + -2)?
-61
-1 + (2 - (-17 - (9 - 16))) + -26
-15
What is -525 - -575 - (4 - (6 + 2))?
54
What is the value of (49 - -2) + (15 - -48 - 73)?
41
Calculate 72 - (-23 + 17) - 10.
68
9 + (-1 + -8 - (-3 - -25))
-22
What is -2 - (18 - (2 + -8 + 9 + -9))?
-26
Calculate 36 + 44 - 64 - (74 + (-5 - -2)).
-55
What is the value of ((10 - 9) + 11 - (-20 + -15)) + -7?
40
What is 1 - (-41 - (-13 + -9 + 28))?
48
What is the value of (-19 - 13 - -10) + (3 - 3 - (-2 + -2))?
-18
Calculate (13 - -7 - 14) + -53.
-47
3 - 1 - -6 - (-11 + 68 - 32)
-17
What is the value of (23 - (-47 + 64)) + 6 + 89 + -5?
96
Evaluate 104 + -1 - (60 + (256 - 346)).
133
What is the value of (1 - -6) + (-252 - -269) - 4?
20
13 + (16 - (-8 - -68))
-31
What is -31 + (28 + 10 + -32 - 1)?
-26
What is the value of -65 + 18 + 54 - 39?
-32
(46 - (29 + -34)) + 1 + 3 + (0 - 3)
52
Evaluate (0 - -1 - -4) + 25678 + -25703 - -33.
13
What is the value of 2 - -42 - (10364 - 10383)?
63
What is (7 - ((1 - 8) + -21 - (-17 - -5))) + 8?
31
Evaluate -4 - (-18 + (1 - -6) + -104 + 108).
3
4 + -40 - (-8 - (-11 + 0) - (-4 - -14))
-29
Calculate -36 + (38 + -51 